Let k be 16/(-12)*-3 + 1. Suppose -3*z = 4*g - 7 - 0, k*g + 4*z - 8 = 0. Suppose -g*p + 30 = -3*p. What is the units digit of p?
0
Let x(z) be the first derivative of -39*z**4/4 - z**3/3 - z**2/2 + 11. What is the units digit of x(-1)?
9
Suppose 9*r - 4*r + 1060 = 0. Let y = -107 - r. What is the hundreds digit of y?
1
Let o(z) = -7*z**3 - 11*z**2 + 10*z - 39. What is the thousands digit of o(-7)?
1
Let q = -10 - -4. Let a be (4/q)/(6/(-99)). Let c = 25 - a. What is the units digit of c?
4
Let w(d) = d**2 - 5*d + 18. Let s(o) = o + 9. Let p be s(3). What is the hundreds digit of w(p)?
1
Let d = 2849 + -553. What is the hundreds digit of d?
2
Suppose -44*s + 8 = -40*s. Suppose 4*h + 8 = 6*h, -8 = -s*u - 3*h. What is the units digit of 100*(-1)/u + -4?
6
Let c(m) be the third derivative of -m**6/120 + 3*m**5/20 - 5*m**4/24 + 2*m**3/3 - 2*m**2. Let q be c(4). What is the tens digit of q/((-8)/(-2)) + 0?
1
Let z(g) = g - 1. Let c(h) = h - 3. Let l(j) = -2*c(j) + 5*z(j). Let b be l(-1). What is the tens digit of (188/(-6))/(b/3)?
4
Let w be -2*(99/(-2) + -2). Suppose w = -5*p + 5*f + 548, -4*p + 356 = -3*f. Suppose -s + 3*r = -5*s + 91, -p = -4*s - r. What is the tens digit of s?
2
Let z(y) = 128*y + 635. What is the thousands digit of z(35)?
5
Suppose 3*s = 8*s - 610. Let x be (5*14)/2 - 2. Suppose v - 3*i = x, -6*v + 2*i + s = -2*v. What is the units digit of v?
0
What is the units digit of 1 + 12/10*395 + -4?
1
Let x be 1 + (3 - 2) - -32. Let a be x/4*(2 - 4). Let i = a + 19. What is the units digit of i?
2
Let i(u) = -514*u**3 + 5*u**2 + 6*u + 2. What is the units digit of i(-1)?
5
Suppose -23*u + 116 = -19*u. Let f(p) = 4*p + 3. Let o be f(-5). Let b = u + o. What is the tens digit of b?
1
What is the thousands digit of 4/((-288)/2364)*-48?
1
Let w(k) = 3*k**2 + 19*k + 15. Let f be w(-7). Let t = -7 + f. What is the units digit of t?
2
Let s(b) = 146*b + 195. What is the tens digit of s(20)?
1
Suppose -19 - 101 = -5*x. Suppose 3*u - x = 2*u. Suppose -3*w + y = -14 + 3, 5*w - u = -4*y. What is the units digit of w?
4
Let w(k) = -9*k**2 - 2*k - 5. Let n be w(-4). Let f = n - -359. What is the tens digit of f?
1
Suppose 10*a = 5*d + 5*a - 65, -a + 35 = 5*d. Let u = d + 34. Suppose -u = -0*z - 2*z. What is the tens digit of z?
2
Let x(r) = 82*r - 46. What is the tens digit of x(2)?
1
Suppose -3*p + 4*p = 3. Suppose -5*c = -p*b + 4 + 2, -b = 2*c - 2. Suppose 0 = b*u - 72 - 0. What is the tens digit of u?
3
Let r = -28 - -31. Suppose 0 = -r*x + 5*n + 160, x - 37 = n + 15. Suppose -4*v + 4*s = -7*v + x, -2*s = -4*v + 30. What is the units digit of v?
0
Let l(g) = g - 7. Let m be l(-5). Let o = m + 40. What is the tens digit of o?
2
Let w be 3/2*-1*14/(-7). What is the units digit of 563/w + (-3 - -1)/(-6)?
8
What is the units digit of 15 + 1350 + -2 + (-2 - 0)?
1
What is the units digit of (12/(-2) - -2304) + (1 - -5)?
4
Let t(c) = -c + 10. Let y be t(7). Suppose 1 = p + y*n, 0*n = 5*p - 4*n - 24. Suppose p*w - w = 105. What is the units digit of w?
5
Let w(c) = c**2 + 9*c + 14. Let i be w(-7). What is the units digit of (-1314)/18*(1 - (i - -2))?
3
Let n = 174 - 132. What is the tens digit of n?
4
Let u = -297 + 545. What is the tens digit of u?
4
Let k(n) = 4*n**2 - 6*n**2 + 6 - 8*n + n**2. Let l be k(-9). What is the tens digit of l + (-1 - -7*3)?
1
Suppose -2*y = -2*n - 2068, 3*n + 5*y + 2964 + 98 = 0. Let c be 2/(-11) + n/(-33). Suppose 0 = -u - 2*h + c, 2*u + 3*h + 21 = 3*u. What is the units digit of u?
7
Let x(y) = -y**3 - 41*y**2 + 41*y - 6. What is the units digit of x(-43)?
9
Suppose -a + 320 = 7*a. Let c = 71 - a. What is the tens digit of c?
3
Suppose 0 = -4*l + 2*l + 254. Let o = -77 + l. What is the tens digit of o?
5
Let u(w) = -w**2 - 5*w + 6. Let y be u(1). Let a(f) = -f**2 - f + 1. Let g be a(-2). What is the units digit of (g + y)*(0 + -3)?
3
Let r(h) = 3*h**3 + 5*h**2 - h - 10. Let q be r(4). Suppose p - q = -3*n + 3*p, -2*p + 330 = 4*n. What is the units digit of n?
4
Let v(t) = 5*t**2 - 1. Let n = -12 - -13. Let c be v(n). Suppose 0*l + c = l. What is the units digit of l?
4
Let r(o) = o**3 - 6*o**2 + 5*o. Suppose 2*c = 10 - 0. Let s be r(c). Suppose 2*g - 5*g + 48 = s. What is the units digit of g?
6
What is the hundreds digit of (-2*185 - 5)/(-1)?
3
Let s = -33 - -38. Suppose 0 = -s*w - 5*b + 990 - 25, -389 = -2*w - b. What is the units digit of w?
6
Let y(c) = 2*c**2 - 2*c + 2. Let h be y(9). Suppose -v + 360 = 3*l, -4*l + 3*v + h = -334. Suppose 3*f = -f + l. What is the tens digit of f?
3
Let p(n) = -n**2 - 22*n - 4. Let f be -1*(4 - 4) + -16. What is the tens digit of p(f)?
9
Let x be -3 - (-3)/2*2. Suppose x = 3*j + j + 8. What is the units digit of 22/(-4)*j/1?
1
Let j(l) = 27*l**2 - 2*l - 16. What is the units digit of j(4)?
8
Let b = -12 - -15. Suppose b*w - 52 = -w. Let a = 21 - w. What is the units digit of a?
8
Suppose -2458 = -6*x - 2254. What is the units digit of x?
4
Suppose -3*t + 9 = 0, -3*t - t - 21 = -3*s. Suppose s = y - 4. What is the tens digit of y?
1
Let d = 2603 + 306. What is the hundreds digit of d?
9
Suppose -4*q + 7 = -9. Suppose -4 = -4*t - 5*o - 36, -3*t - q*o - 25 = 0. Let i = t - -25. What is the units digit of i?
2
Suppose -3*x + 4*w + 115 = 0, 7*x - 4*x + w - 95 = 0. Suppose 39 = 2*y + y - g, 0 = 3*y - 3*g - x. Suppose -7*l = -y*l + 420. What is the units digit of l?
0
What is the units digit of 58*7 - (-1 - 6)/7?
7
Suppose 9251 = -5*q + 16*q. What is the units digit of q?
1
Let v(x) = -x**3 - 7*x**2 - 7*x + 3. Let a be v(-6). Suppose -1 + a = -2*u. What is the tens digit of ((-9)/u)/(3/36)?
2
Let w(q) be the second derivative of -q**3/6 + 11*q**2/2 - q - 17. Suppose 0*l - 27 = -3*l. What is the units digit of w(l)?
2
Suppose 5*w + 401 - 3837 = -4*b, 3*b - 2748 = -4*w. What is the units digit of w?
4
Suppose -3*v - y + 9 = -2*v, -3*y + 36 = 4*v. Suppose -14*s - 30 = -v*s. What is the units digit of (2 + 0)/(s/(-69))?
3
Let q(t) = 95*t - 269. What is the hundreds digit of q(18)?
4
What is the tens digit of (-679)/(-194)*((-2214)/(-21))/3?
2
What is the units digit of 27811/87*(-36)/(-4)?
7
Let k = -56 - -32. What is the units digit of (4/(-5))/(k/540)?
8
Let i(v) = -22*v + 63. What is the units digit of i(-9)?
1
Let m be (3 + 27/(-6))*(-8)/3. What is the tens digit of (-1)/((-1520)/(-512) - (m - 1))?
3
Let x(s) = s**3 + 22*s**2 + 21*s - 4. Let j be x(-21). What is the units digit of ((-7)/(84/(-16)))/(j/(-282))?
4
Suppose -2*v - 1742 + 420 = -5*g, -2*g - 5*v + 552 = 0. What is the units digit of g?
6
Let m = 59 - 91. Let n be (-166)/(-2) - 4/2. Let b = m + n. What is the units digit of b?
9
Suppose -j = 13*j - 1904. What is the hundreds digit of j?
1
Suppose -z - 3*z - 255 = 5*q, -3*q - 5*z - 140 = 0. What is the units digit of (-1236)/(-15) + 22/q?
2
Let m(c) = -71*c**2 + 3*c - 2. Let o be m(2). What is the tens digit of ((-16)/20)/(4/o)?
5
Let a(z) be the second derivative of z**3 - 7*z**2/2 - 11*z. What is the tens digit of a(3)?
1
Suppose -17*q = -15*q - 304. What is the tens digit of q?
5
Let a be -15*(2 - 1 - 3). Let y = -119 + 150. Suppose -y*f = -a*f - 41. What is the tens digit of f?
4
Suppose 7*c - 5816 = -4*y + 3*c, 4382 = 3*y - 2*c. What is the tens digit of y?
5
Let w be 28*(-1)/(-10) + (-3)/(-15). Suppose 342 = 5*r + 3*n - 362, 2*n = w*r - 430. What is the hundreds digit of r?
1
Let i be (10/(-4))/((-2)/(27 + -3)). What is the tens digit of (2 - i)*(0 - 9/4)?
6
Let z be (-2)/3 - (-1276)/(-66). Let q = 79 + z. What is the units digit of q?
9
Let y(g) = -g**3 - 8*g**2 - 16*g - 7. What is the units digit of y(-7)?
6
Let b(h) = h**2 - 9*h + 3. Let r be b(9). Suppose -4*n = -2*j - 60, n + 22 = 3*n - r*j. What is the units digit of n?
7
Suppose 4*n = -2*n + 1626. What is the units digit of n?
1
Let h = 29 - 29. Suppose 0 = 5*g - 2*g + o - 277, -4*g + o + 360 = h. What is the units digit of g?
1
What is the units digit of (-90)/(15 - 33) + 1171 + 0?
6
Suppose 2*v - 517 = -5*n, -5*n + 0*n = 4*v - 519. What is the units digit of n?
3
Let d(y) = 843*y - 37. What is the tens digit of d(1)?
0
Suppose 0 = 10*c - 2411 - 39929. What is the hundreds digit of c?
2
Let w(f) = f**3 - 6*f**2 - 6. Let g be w(7). Let a = 67 - g. Suppose 2*s = 82 - a. What is the tens digit of s?
2
Suppose s + 5*